{"id":285,"date":"2022-04-18T14:35:24","date_gmt":"2022-04-18T14:35:24","guid":{"rendered":"https:\/\/ademgi.org\/?page_id=285"},"modified":"2022-04-18T14:54:12","modified_gmt":"2022-04-18T14:54:12","slug":"mision-vision-y-valores","status":"publish","type":"page","link":"https:\/\/ademgi.org\/?page_id=285","title":{"rendered":"Misi\u00f3n, visi\u00f3n y valores"},"content":{"rendered":"\n<p>La <strong>misi\u00f3n<\/strong> de ADEMGI es mejorar la calidad de vida de las personas afectadas de EM y de otras enfermedades neurol\u00f3gicas, y de sus familiares, desde una perspectiva integral e individualizada, proporcionando para ello un abordaje multidisciplinar y realizando diversas campa\u00f1as divulgativas con el objetivo de sensibilizar a la sociedad.<\/p>\n\n\n\n<p>Nuestra <strong>visi\u00f3n<\/strong> es ser un centro de referencia en rehabilitaci\u00f3n neurol\u00f3gica para dar respuesta a las necesidades de las personas con EM y otras enfermedades neurol\u00f3gicas as\u00ed como a familiares y\/o cuidadores. Y sensibilizar e informar sobre la enfermedad y la problem\u00e1tica que conlleva tanto a las personas afectadas y su entorno como a las administraciones y a la sociedad en general.<\/p>\n\n\n\n<p><strong>Valores:<\/strong><\/p>\n\n\n\n<strong>&#8211; Humanismo.<\/strong> La persona es el referente, el centro de toda acci\u00f3n llevaba a cabo por la asociaci\u00f3n. Tomando a la persona como sujeto activo y responsable del proceso de mejorar su vida.<br><br><strong>&#8211; Profesionalidad.<\/strong> La asociaci\u00f3n debe gestionarse y actuar del modo m\u00e1s eficaz y eficiente, aportando servicios de calidad. Y brindando a los profesionales de la asociaci\u00f3n oportunidades de crecimiento personal y profesionales para desarrollar su trabajo con honradez, rigor y eficacia.<br><br><strong>&#8211; Empat\u00eda, respeto y solidaridad.<\/strong><br><br><strong>&#8211; Igualdad.<\/strong> La Asociaci\u00f3n debe ser f\u00e1cilmente accesible para cualquier persona y en condiciones de igualdad.<br><br><strong>&#8211; Transparencia.<\/strong> Rendimos cuenta de lo que hacemos, como y porque lo hacemos.<br><br><strong>&#8211; Compromiso con la investigaci\u00f3n.<\/strong>\n","protected":false},"excerpt":{"rendered":"<p>La misi\u00f3n de ADEMGI es mejorar la calidad de vida de las personas afectadas de EM y de otras enfermedades neurol\u00f3gicas, y de sus familiares, desde una perspectiva integral e individualizada, proporcionando para ello un abordaje multidisciplinar y realizando diversas campa\u00f1as divulgativas con el objetivo de sensibilizar a la sociedad. Nuestra visi\u00f3n es ser un &hellip;<\/p>\n","protected":false},"author":2,"featured_media":0,"parent":0,"menu_order":0,"comment_status":"closed","ping_status":"closed","template":"","meta":{"footnotes":""},"class_list":["post-285","page","type-page","status-publish","hentry","no-thumb"],"_links":{"self":[{"href":"https:\/\/ademgi.org\/index.php?rest_route=\/wp\/v2\/pages\/285","targetHints":{"allow":["GET"]}}],"collection":[{"href":"https:\/\/ademgi.org\/index.php?rest_route=\/wp\/v2\/pages"}],"about":[{"href":"https:\/\/ademgi.org\/index.php?rest_route=\/wp\/v2\/types\/page"}],"author":[{"embeddable":true,"href":"https:\/\/ademgi.org\/index.php?rest_route=\/wp\/v2\/users\/2"}],"replies":[{"embeddable":true,"href":"https:\/\/ademgi.org\/index.php?rest_route=%2Fwp%2Fv2%2Fcomments&post=285"}],"version-history":[{"count":8,"href":"https:\/\/ademgi.org\/index.php?rest_route=\/wp\/v2\/pages\/285\/revisions"}],"predecessor-version":[{"id":333,"href":"https:\/\/ademgi.org\/index.php?rest_route=\/wp\/v2\/pages\/285\/revisions\/333"}],"wp:attachment":[{"href":"https:\/\/ademgi.org\/index.php?rest_route=%2Fwp%2Fv2%2Fmedia&parent=285"}],"curies":[{"name":"wp","href":"https:\/\/api.w.org\/{rel}","templated":true}]}}